ivative of -o**3/3 + 2*o - 276. Determine z(-3).
-7
Let t(n) = -n**3 - 6*n**2 - 7*n + 7. Let y be t(-4). Let a(s) be the third derivative of -s**6/120 + s**5/20 + s**4/6 - s**3/3 + 7*s**2. Give a(y).
10
Let z(r) = 43*r**2 + 11*r - 9. Let s(x) = -37*x**2 - 10*x + 8. Let y(o) = -7*s(o) - 6*z(o). What is y(-6)?
10
Let v(k) = 3*k + 4. Suppose -4*f = 16, 4*d + 56 = 3*f - 7*f. Let m = -17 - d. Determine v(m).
-17
Let o be (0/(1 + -5))/(-3). Let z be o*2/10 + -9. Let t(u) = u**3 + 10*u**2 + 9*u + 4. What is t(z)?
4
Let d = 5 + -2. Suppose 3*w = -3*i + 12 + 3, -5*w + 21 = 3*i. Let x(s) = -2*s + 3 + 4*s**2 - 3*s**2 - 5*s**2 + w*s**2. Determine x(d).
-12
Let o(d) = 9*d**2 + d + 3 + 22*d - 4*d. Let z(w) = -4*w**2 - 9*w - 2. Let u(i) = -2*o(i) - 5*z(i). Determine u(-4).
8
Let y(h) = -3*h - 1. Suppose 2 = -4*z + 5*c, 2*z = -0*c + 3*c. What is y(z)?
8
Let i(c) = c**2 + 4*c - 7. Suppose v - 9 = -2*v. Suppose 2*u - 106 = -4*t, -t - u = -v*t + 43. Let l be ((-2)/4)/(2/t). Give i(l).
5
Let o(u) = -u**3 + 14*u**2 - 6. Suppose 3*k - 59 = -17. Let y be o(k). Let t(l) = -l**3 - 6*l**2 + 2*l + 8. What is t(y)?
-4
Suppose 6 = -s + 1. Suppose 20 = a + 3*a. Let t(z) = a*z**2 - 7*z**3 - 2*z + 0*z**2 + 8*z**3. Give t(s).
10
Suppose 2*m - 5*h = 9, -4*m + h + 36 + 9 = 0. Let n be (m - 6)/((63/6)/7). Let y(u) be the first derivative of -u**4/4 + 4*u**3/3 - u**2 - u - 1. Give y(n).
-9
Let k(z) = -4*z + 3*z - z**2 + 0*z + 5. Let l be (-2*1/(-2))/(2/6). Suppose -2 = -4*x - 2*d - 4, -3*d = -4*x + l. Determine k(x).
5
Suppose -1 + 13 = -3*g. Let l be 6/g*(-144)/27. Let m be 266/70 + l/(-10). Let i(t) = -3*t + 2. Calculate i(m).
-7
Let q be -1 - (-1)/(1/(-1)). Let m(g) be the third derivative of g**6/60 - g**5/60 - g**4/24 - g**3/6 + 3*g**2. What is m(q)?
-19
Let m(w) be the first derivative of -w**6/120 - w**5/20 + w**4/8 - w**3/6 - 4*w**2 + 21. Let u(x) be the second derivative of m(x). Calculate u(-4).
3
Suppose -5*u + 20 = 10. Let m(j) = -3*j**2 - 4 - 2*j**u + j + 4*j**2. Calculate m(3).
-10
Let y(n) = -n - 2. Let m(b) = 0*b - 3*b - 1 + 5 - 2*b**2 + 0*b**2. Let c be m(-3). Give y(c).
3
Let u(l) = -28*l + 4 - 18 + 38*l**3 - 39*l**3 + 17*l**2 - 18. Determine u(15).
-2
Suppose -8*w + 3*w - 2*q = 2, 0 = 4*w + 4*q - 8. Let d(f) = 14*f**2 + 2*f. Give d(w).
52
Let j = 335 + -338. Let a(r) = -2*r - 1. Calculate a(j).
5
Let b(j) = j. Suppose 2*t = 5*t - 5*r - 26, 2*t = r + 8. What is b(t)?
2
Let o(l) be the second derivative of 11*l + 0 + 7/6*l**3 - 3/2*l**2. Calculate o(3).
18
Let g(d) = 0 + d - 1 - 5. Let u be (-68)/(-238) - 44/7 - -13. Give g(u).
1
Let y be (-14)/(-4) - ((-24)/16 - -1). Suppose -y*h + 5 = 25. Let f(m) = 2*m + 6. Give f(h).
-4
Let p(a) be the third derivative of -a**6/120 - 3*a**5/20 - 7*a**4/24 - 7*a**2 + a. Determine p(-8).
-8
Let n(d) = 1. Let h(g) = -8 + 8 + 2 - g. Let x(r) = -6*h(r) + 11*n(r). Calculate x(-1).
-7
Let a(t) = -10*t - 13*t + 7 + 25*t. Determine a(-5).
-3
Let o(z) = -z - 16. Suppose -3*w + 7 + 5 = y, -2*w = -5*y + 128. Suppose 3*p - 4 = -i, 2*i - p + y = p. Determine o(i).
-8
Suppose -3*x + 35 + 4 = 0. Suppose 2*h - 27 = 5*l + 12, -4*h + x = 3*l. Suppose -9 + h = j. Let s(m) = -m**3 - m**2 - m. Determine s(j).
6
Let u(b) = b**2 + 2*b + 6. Suppose -44 = -118*m + 107*m. Determine u(m).
30
Let v(u) be the second derivative of -u**3/6 - 6*u**2 + 2*u. Suppose 126 = -34*k + 13*k. Determine v(k).
-6
Let t(h) = -11*h - 5. Let u(l) = 32*l + 14. Let g(o) = -17*t(o) - 6*u(o). What is g(-4)?
21
Let r(d) = -2*d + 3. Let o(x) be the second derivative of x**3/6 - 12*x. Let k(m) = -4*o(m) - r(m). Let h be (-2 - 1) + (1 - 1). What is k(h)?
3
Let j = 18 + -15. Suppose 4*f + 0*h + 3*h = 7, 3*f = -j*h + 6. Let o(i) = 1 - 4*i**2 + 4*i - 4*i. What is o(f)?
-3
Suppose 0*o - o + 14 = 0. Let d = 11 - o. Let a = -2 + d. Let x(m) = -m**2 - 3*m + 4. Calculate x(a).
-6
Let m = -384 - -384. Let f(x) = x - 2. What is f(m)?
-2
Let a(c) = -28*c - 108. Let m be a(-4). Let j(s) be the second derivative of 0 + 1/12*s**m - 3/2*s**2 + 1/3*s**3 - 3*s. What is j(-3)?
0
Suppose -4*y + 30 = 3*o, -6 = -3*y + o + 10. Suppose -10*t = -44 - y. Let w(v) = -v**3 + 4*v**2 + 5*v + 3. Give w(t).
3
Let i be (4/(-6))/(10/15). Let r = -2 + i. Let j be r*(-2 + 6)/(-4). Let o(g) = g - 1. Give o(j).
2
Let s be (115/2 - 2)*(-20)/(-15). Let q = s - 70. Let c(j) be the third derivative of j**6/120 - j**5/20 - j**4/8 - j**3/6 + 2*j**2. What is c(q)?
3
Let l(f) = -5*f + 4. Suppose 487 - 494 = -7*s. What is l(s)?
-1
Let x(c) = -5*c**2 + 6*c + 1 - 11*c - 5 + c**3. Let p be x(6). Let b(n) = -n**2 + 2. What is b(p)?
-2
Let n(g) = g + 4. Suppose -128 = 4*i + 4*u, 4*i - 3*u = u - 88. Let q be 180/i + 2*2/6. Give n(q).
-2
Let i(z) = -2*z**2 - z - 1. Let x be (-1)/(4 + (-6)/2). Let a(h) = -h**2. Let w(n) = x*i(n) + 3*a(n). Suppose -3*p + 2 = -1. Give w(p).
1
Let k(g) = -5757 - 10*g - g**2 - 4*g + 5749. Determine k(-9).
37
Suppose 9*t + 23 = 7*t + 5*z, 4*z = 4. Let k(p) = -6 - 2*p - 2*p + 3*p. Let o be k(t). Let r(x) = -2*x - 4. What is r(o)?
-10
Let g(i) = -i**3 - i**2 + i + 1. Let c(s) = 5*s**3 + 10*s**2 + 3*s. Let m(f) = c(f) + 4*g(f). What is m(-5)?
-6
Let a(h) = 10*h**2 - 3*h - 8*h**2 - 5 + 3. Let r be a(3). Let u(n) = -n**2 + 11*n - 7. Let m(w) = w. Let v(c) = -2*m(c) + u(c). Give v(r).
7
Let a(u) = u**3 - u**2 + u + 2. Let s be a(2). Let l = 9 - s. Let b(p) be the first derivative of 5*p**4/2 - 2*p**3/3 + p**2 - p - 1. Calculate b(l).
9
Let v(b) = -b**3 - 7*b**2 - 6*b. Let t = 20 + -9. Let n(u) = 3*u - 6 - 3*u**2 - t*u + 2*u**2. Let c be n(-8). Give v(c).
0
Let x(m) be the first derivative of 10 - 3*m**2 + 2*m - 1/3*m**3. What is x(-5)?
7
Let c(n) = 2 + n + 4 - 6 + 2. What is c(7)?
9
Let h(r) = r**2 + 3. Let p be h(-3). Let q = p - 24. Let i = q + 14. Let c(j) = 2*j - 3. Give c(i).
1
Let a(z) be the second derivative of -z**7/840 - z**6/72 - z**5/60 + z**4/6 + 2*z**3/3 + 5*z. Let v(c) be the second derivative of a(c). Determine v(-4).
-4
Let w(q) = q**3 - 6*q**2 - 5*q - 8. Let p be (-82)/(-164) + -13*(-1)/2. What is w(p)?
6
Suppose 9*f = 3*f + 54. Let a(t) = -5*t**2 + 11*t - 4. Let h(u) = -11*u**2 + 23*u - 9. Let l(b) = f*a(b) - 4*h(b). Give l(5).
10
Let l(j) = j + 14. Suppose 3*h + 3*u = 27, 8*u = -2*h + 3*u + 27. Suppose 0 = -11*v + h*v - 115. Let t = 23 + v. Determine l(t).
14
Suppose 5*z = -11 + 1. Let q(r) = r**3 - r**2 + r - 2. Let x(p) = -p**3 + p**2 - p + 1. Let t(d) = z*q(d) - 3*x(d). Give t(0).
1
Suppose -7 = -l + 3. Let i be 30/(-8) - l/(43 + -3). Let t(s) = -s**2 - 5*s + 5. Determine t(i).
9
Suppose -280 = 3*b - 250. Let d(k) = -2*k**2 - 20*k - 6. Calculate d(b).
-6
Let o(p) = 45*p - 9. Let a(k) = 389 - 9*k - 387 - 2*k. Let w(c) = 9*a(c) + 2*o(c). What is w(1)?
-9
Suppose 5*r - 20 = -10. Suppose -r - 6 = 2*f. Let w(s) = -1 + 0*s - 1 - 2*s. Give w(f).
6
Suppose -5*o - 12 = 13. Let g(h) = 14 + 13 - 26. Let c(z) = -2*z - 6. Let a(l) = -c(l) - 5*g(l). What is a(o)?
-9
Suppose 18*i - 16 = 16*i. Let n(f) = f**2 - 5*f - 18. Give n(i).
6
Let h(n) = 5*n**2 - n - 1. Let i be (2 + -1)*11 - 9. Determine h(i).
17
Let c(u) = -2*u**2 - 2*u - 1. Suppose 4*q - o = 2*q - 1, 6 = -q - 5*o. What is c(q)?
-1
Let l = 103 + -42. Let g = l - 60. Let v(z) = -2*z + 1. What is v(g)?
-1
Suppose -11*l = -0*l - 22. Let f(n) = -l + 2 + 7 - 8*n + n**2. Determine f(7).
0
Let f(z) = -17*z + 27. Let g(a) = 4*a - 6. Let y(n) = -6*f(n) - 26*g(n). Calculate y(0).
-6
Let h be (-76)/(-10) - (-4)/(-10)*-1. Let a(w) = w**3 - 9*w**2 + 7*w + 3. Let k be a(h). Let m(i) = -i**2 - 3*i - 3. What is m(k)?
-13
Let h(p) = p - 12. Let a be h(14). Let k(i) = -24*i**a + 5 + 18*i**2 - 4. Determine k(1).
-5
Let j = -281 - -284. Let q(v) = 3*v + v + 3 - v - v**2. Determine q(j).
3
Let t(v) = -v - 6. Let o = -1534 - -1531. What is t(o)?
-3
Suppose 13 = 2*o - 5. Let v = -3 + o. Suppose v*c - 12 = 4*c. Let g(m) = -m**2 + 7*m - 8. Give g(c).
-2
Let d be -1*2/1*4. Let p(v) = -v + 11. Let u(k) = 7. Let o(g) = d*u(g) + 5*p(g). What is o(-2)?
9
Let g(k) be the first derivative of -k**3/6 - k**2/2 - 12*k - 8. Let w(i) be the first derivative of g(i). Give w(-1).
0
Let v(j) = -5*j**3 + 21*j**2 - 21*j + 18. Let z(i) = -2*i**3 + 7*i**2 - 7*i + 6. Let s(w) = 3*v(w) - 8*z(w). What is s(-8)?
-2
Let n(i) = 4*i**3 - 7*i**2. Let v(m) = 3*m**3 - 6*m**2 + m. Suppose 5*c 